ase 14, what is -a2b - 203?
-c30
In base 13, what is 16514 - 4a5?
1603c
In base 7, what is 1155 - -2140066?
2141254
In base 6, what is -1031504 + -300?
-1032204
In base 5, what is 2 - 101311202331?
-101311202324
In base 9, what is 51780025 - 4?
51780021
In base 16, what is 40493 + 68c?
40b1f
In base 11, what is 3 - a5324002?
-a5323aaa
In base 3, what is -1000 - 112000021212?
-112000022212
In base 4, what is -301011321 - -2130?
-301003131
In base 9, what is 31732 + 366?
32208
In base 11, what is -645 - a55?
-159a
In base 2, what is -10101011 - 11001100010011001111?
-11001100010101111010
In base 10, what is -626166 - -1?
-626165
In base 16, what is -75 - 3107?
-317c
In base 5, what is -132 + 1133032241?
1133032104
In base 8, what is 157400445 + 33?
157400500
In base 14, what is a - -1211544?
1211550
In base 3, what is -2011121 + 2011102?
-12
In base 2, what is 10100011 - 111100001101110?
-111011111001011
In base 14, what is -bc6a728 + -2?
-bc6a72a
In base 9, what is 1505 + 5252?
6757
In base 11, what is 9780293 - -5?
9780298
In base 14, what is -2961127 + 3?
-2961124
In base 9, what is 230051 + -280?
228661
In base 10, what is -2 + -73296?
-73298
In base 6, what is 0 - 105454143?
-105454143
In base 2, what is -11101010011010001000110110 + -10?
-11101010011010001000111000
In base 14, what is -140d + 37?
-13b6
In base 7, what is 3146504 + 2222?
3152026
In base 5, what is 320434030 + -32?
320433443
In base 11, what is 2a1899 + 1?
2a189a
In base 7, what is -11234651 - -1224?
-11233424
In base 8, what is -37467657 + 0?
-37467657
In base 10, what is 5 + 2689059?
2689064
In base 16, what is -d49 - -1431a?
135d1
In base 6, what is 433213 - -1334?
434551
In base 16, what is 8 + f8f00?
f8f08
In base 3, what is 112110020112222 - -10?
112110020120002
In base 2, what is -10000011010011000101 - -1001110100?
-10000011001001010001
In base 15, what is -693b36 + 1?
-693b35
In base 2, what is -11101010100011 - -1000001010?
-11100010011001
In base 3, what is -220001120110210 + -20?
-220001120111000
In base 6, what is -130205335 + 1112?
-130204223
In base 6, what is 1 - 12333151002?
-12333151001
In base 6, what is -11 - 252154053?
-252154104
In base 13, what is -3080 + 2a909?
27859
In base 4, what is 213333013322 - 101?
213333013221
In base 10, what is 14 - 6361065?
-6361051
In base 12, what is 0 - 1913129?
-1913129
In base 14, what is -66c21 - 13?
-66c34
In base 6, what is -1404 + -11124?
-12532
In base 16, what is -12459 - -12?
-12447
In base 4, what is -132302031333 + 2000?
-132302023333
In base 13, what is -5094 - 11769?
-16830
In base 9, what is -1236724 - -47?
-1236666
In base 12, what is -1294275b - 2?
-12942761
In base 6, what is -453003 - 20?
-453023
In base 5, what is -1014220 - 13133?
-1032403
In base 10, what is 9001 + 44211?
53212
In base 16, what is 4 + -102058c?
-1020588
In base 4, what is 2 + 1300210213?
1300210221
In base 16, what is 5f - -150e9?
15148
In base 13, what is -297 - 8782?
-8a49
In base 2, what is -111110110 - 110000001011010?
-110001001010000
In base 9, what is 0 - -146161455?
146161455
In base 12, what is -6 + 282a087?
282a081
In base 6, what is -210143245 - 45?
-210143334
In base 14, what is -18b1da6 - -1?
-18b1da5
In base 2, what is -100110000010010111011111100 + 10?
-100110000010010111011111010
In base 10, what is -32 + -982131?
-982163
In base 6, what is 4310531 + 332?
4311303
In base 9, what is 7613154 + 4?
7613158
In base 13, what is -4838bb - -15b?
-483760
In base 9, what is 3155611 - 21?
3155580
In base 16, what is -32 - -36c345?
36c313
In base 8, what is -766360 + -16?
-766376
In base 11, what is 6 + -330a9?
-330a3
In base 7, what is 1636664 + 6523?
1646520
In base 14, what is -105b03 + -9?
-105b0c
In base 4, what is 220033 + -320321?
-100222
In base 11, what is -51090165 + 0?
-51090165
In base 3, what is -211100 - -20001111022?
20000122222
In base 10, what is 26 + 81404?
81430
In base 11, what is 33473 + 1219?
34691
In base 8, what is 31741 + 3466?
35427
In base 14, what is 2a0a0 - -6b?
2a12b
In base 3, what is 211121111201 + -1221?
211121102210
In base 16, what is c9 - 24346?
-2427d
In base 6, what is -213455 + 221?
-213234
In base 14, what is 3 + -16db15?
-16db12
In base 2, what is -11111 + 11010111101011100110100110?
11010111101011100110000111
In base 2, what is 1101100001010001111 - 100?
1101100001010001011
In base 15, what is 23c + -85ce2?
-85aa5
In base 4, what is 310 - 1000322012000?
-1000322011030
In base 8, what is 116171 + 345?
116536
In base 14, what is -14897a5 - 7?
-14897ac
In base 6, what is -1111200 - -41?
-1111115
In base 13, what is -209 - 121477?
-121683
In base 2, what is 11100100 - 1000110111011011011?
-1000110110111110111
In base 15, what is -3 - c0346?
-c0349
In base 2, what is -100001 + 1100111001110101100?
1100111001110001011
In base 4, what is 101 - 13013012201?
-13013012100
In base 8, what is 1134 + -1332?
-176
In base 12, what is 20723492 + 0?
20723492
In base 7, what is -4 + 31533231?
31533224
In base 16, what is dad2 + -602?
d4d0
In base 8, what is -5754 + 61651?
53675
In base 6, what is -4 + 201445?
201441
In base 13, what is -3 - -581a61?
581a5b
In base 8, what is -21062 + 3630?
-15232
In base 16, what is 79 + deb04?
deb7d
In base 16, what is -3c1ca - -21b?
-3bfaf
In base 16, what is -5 - -1d222d2?
1d222cd
In base 7, what is -363506301 + -50?
-363506351
In base 6, what is -31045 - -4431?
-22214
In base 6, what is 21135213 + 11?
21135224
In base 6, what is 3 - 1141121444?
-1141121441
In base 2, what is 10 - -101110001001010101?
101110001001010111
In base 15, what is dac + -6928c?
-683d0
In base 13, what is -289c1b + 16?
-289c05
In base 5, what is -4203 - 340430?
-400133
In base 13, what is -108808 - -c?
-1087c9
In base 13, what is -373 - -21092?
20a1c
In base 3, what is 10020210001102111 + -2?
10020210001102102
In base 8, what is 12 - -4521174?
4521206
In base 8, what is -4 + -11556302?
-11556306
In base 8, what is -644544 - -11367?
-633155
In base 12, what is 50 + 24b197?
24b227
In base 15, what is 1690a3 - 43?
169060
In base 6, what is 221 - -43440?
44101
In base 7, what is -1116503 + 3035?
-1113435
In base 6, what is -445320 - -144250?
-301030
In base 11, what is 315141 + 5?
315146
In base 11, what is -a9121 + -12?
-a9133
In base 14, what is -a6b0 + -2856?
-d126
In base 8, what is -1542 + -236716?
-240460
In base 12, what is -46 - -384938?
3848b2
In base 8, what is 34 - -25104743?
25104777
In base 5, what is -34124104412 + -1?
-34124104413
In base 2, what is 100010011011010000011010 - -1000011?
100010011011010001011101
In base 14, what is -bd820 - -1a2?
-bd65c
In base 15, what is 57 - -510aa?
51112
In base 13, what is 4 + 3cb1c93?
3cb1c97
In base 6, what is 10 + 20445413?
20445423
In base 8, what is 0 + -230535126?
-230535126
In base 6, what is -525135420 - -3?
-525135413
In base 4, what is 2111 - 2003102023?
-2003033312
In base 10, what is -4 + -3656262?
-3656266
In base 16, what is 8f2 - -a5c0?
aeb2
In base 15, what is 842 - c535?
-bbe3
In base 8, what is 2 - 10110360?
-10110356
In base 14, what is -3c6552 + -1?
-3c6553
In base 11, what is 4003a - a1?
3aa49
In base 16, what is -30de868 - -4?
-30de864
In base 14, what is 0 + 389cc5b?
389cc5b
In base 2, what is 101 + -11110000101010110010101001?
-11110000101010110010100100
In base 6, what is 20550301 - -110?
20550411
In base 9, what is -48332270 - -6?
-48332263
In base 3, what is -100220111 + -2210120?
-110201001
In base 13, what is -49a66 + -14?
-49a7a
In base 13, what is 454668 - -4?
45466c
In base 9, what is -676638 + 1?
-676637
In base 13, what is -6729a2 + 3?
-67299c
In base 3, what is -1101202111010 + 211020?
-1101201122220
In base 5, what is -1430100 - -44010?
-1331040
In base 6, what is 2200 + 13002441?
13005041
In base 2, what is -111111010001111 + 1010000110?
-111110000001001
In base 8, what is 11 - -14071345?
14071356
In base 10, what is 2 - -510060?
510062
In base 3, what is -2011 - -22021202012221?
22021202010210
In base 7, what is -2365503 + -200?
-2366003
In base 12, what is 32a410 - 5?
32a407
In base 14, what is 50c - 105d5?
-100c7
In base 4, what is 201203032 - 3313?
201133113
In base 16, what is 1 - -14cb589?
14cb58a
In base 10, what is -2 + -8504826?
-8504828
In base 12, what is -1591899 + 5?
-1591894
In base 11, what i